{"id":475,"date":"2023-08-24T15:08:25","date_gmt":"2023-08-24T13:08:25","guid":{"rendered":"https:\/\/imrus.synology.me\/fraudsters\/?page_id=475"},"modified":"2023-08-24T15:26:17","modified_gmt":"2023-08-24T13:26:17","slug":"uzenetkuldes","status":"publish","type":"page","link":"https:\/\/imrus.synology.me\/fraudsters\/uzenetkuldes\/","title":{"rendered":"\u00dczenetk\u00fcld\u00e9s"},"content":{"rendered":"<p>Az al\u00e1bbi \u0171rlap kit\u00f6lt\u00e9s\u00e9vel \u00fczenetet k\u00fcldhetsz az oldal kezel\u0151j\u00e9nek.<br \/>\n<style id=\"wpforms-css-vars-470\">\n\t\t\t\t#wpforms-470 {\n\t\t\t\t\n\t\t\t}\n\t\t\t<\/style><div class=\"wpforms-container wpforms-container-full wpforms-render-modern\" id=\"wpforms-470\"><form id=\"wpforms-form-470\" class=\"wpforms-validate wpforms-form wpforms-ajax-form\" data-formid=\"470\" method=\"post\" enctype=\"multipart\/form-data\" action=\"\/fraudsters\/wp-json\/wp\/v2\/pages\/475\" data-token=\"c70c3e6c565b7a825b5e708e93375cfc\" data-token-time=\"1777227564\"><noscript class=\"wpforms-error-noscript\">Please enable JavaScript in your browser to complete this form.<\/noscript><div id=\"wpforms-error-noscript\" style=\"display: none;\">Please enable JavaScript in your browser to complete this form.<\/div><div class=\"wpforms-field-container\"><div id=\"wpforms-470-field_4-container\" class=\"wpforms-field wpforms-field-textarea\" data-field-id=\"4\"><label class=\"wpforms-field-label\" for=\"wpforms-470-field_4\">\u00dczenet sz\u00f6vege <span class=\"wpforms-required-label\" aria-hidden=\"true\">*<\/span><\/label><textarea id=\"wpforms-470-field_4\" class=\"wpforms-field-medium wpforms-field-required\" name=\"wpforms[fields][4]\" aria-errormessage=\"wpforms-470-field_4-error\" required><\/textarea><\/div><\/div><!-- .wpforms-field-container --><div class=\"wpforms-recaptcha-container wpforms-is-hcaptcha\" >\t\t<input\n\t\t\t\ttype=\"hidden\"\n\t\t\t\tclass=\"hcaptcha-widget-id\"\n\t\t\t\tname=\"hcaptcha-widget-id\"\n\t\t\t\tvalue=\"eyJzb3VyY2UiOlsid3Bmb3Jtc1wvd3Bmb3Jtcy5waHAiLCJ3cGZvcm1zLWxpdGVcL3dwZm9ybXMucGhwIl0sImZvcm1faWQiOjQ3MH0=-7588c3d5dea2240d3d2e46d2f714bfc8\">\n\t\t\t\t<h-captcha\n\t\t\tclass=\"h-captcha\"\n\t\t\tdata-sitekey=\"80448f51-1a81-4510-a433-af26c11d6710\"\n\t\t\tdata-theme=\"light\"\n\t\t\tdata-size=\"normal\"\n\t\t\tdata-auto=\"false\"\n\t\t\tdata-ajax=\"false\"\n\t\t\tdata-force=\"false\">\n\t\t<\/h-captcha>\n\t\t<input type=\"hidden\" id=\"hcaptcha_wpforms_nonce\" name=\"hcaptcha_wpforms_nonce\" value=\"370cbf76cd\" \/><input type=\"hidden\" name=\"_wp_http_referer\" value=\"\/fraudsters\/wp-json\/wp\/v2\/pages\/475\" \/><\/div><div class=\"wpforms-submit-container\" ><input type=\"hidden\" name=\"wpforms[id]\" value=\"470\"><input type=\"hidden\" name=\"page_title\" value=\"\"><input type=\"hidden\" name=\"page_url\" value=\"https:\/\/imrus.synology.me\/fraudsters\/wp-json\/wp\/v2\/pages\/475\"><input type=\"hidden\" name=\"url_referer\" value=\"\"><button type=\"submit\" name=\"wpforms[submit]\" id=\"wpforms-submit-470\" class=\"wpforms-submit\" data-alt-text=\"K\u00fcld\u00e9s...\" data-submit-text=\"Elk\u00fcld\" aria-live=\"assertive\" value=\"wpforms-submit\">Elk\u00fcld<\/button><img loading=\"lazy\" decoding=\"async\" src=\"https:\/\/imrus.synology.me\/fraudsters\/wp-content\/plugins\/wpforms-lite\/assets\/images\/submit-spin.svg\" class=\"wpforms-submit-spinner\" style=\"display: none;\" width=\"26\" height=\"26\" alt=\"Loading\"><\/div><\/form><\/div>  <!-- .wpforms-container --><\/p>\n<div class=\"fcbkbttn_buttons_block\" id=\"fcbkbttn_left\"><div class=\"fb-share-button fcbkbttn_large_button \" data-href=\"https:\/\/imrus.synology.me\/fraudsters\/uzenetkuldes\/\" data-type=\"box_count\" data-size=\"large\"><\/div><\/div><div class=\"pld-like-dislike-wrap pld-template-1\">\r\n    <div class=\"pld-like-wrap  pld-common-wrap\">\r\n    <a href=\"javascript:void(0)\" class=\"pld-like-trigger pld-like-dislike-trigger  \" title=\"Tetszik\" data-post-id=\"475\" data-trigger-type=\"like\" data-restriction=\"cookie\" data-already-liked=\"0\">\r\n                        <i class=\"fas fa-thumbs-up\"><\/i>\r\n                <\/a>\r\n    <span class=\"pld-like-count-wrap pld-count-wrap\">    <\/span>\r\n<\/div><\/div>","protected":false},"excerpt":{"rendered":"<p>Az al\u00e1bbi \u0171rlap kit\u00f6lt\u00e9s\u00e9vel \u00fczenetet k\u00fcldhetsz az oldal kezel\u0151j\u00e9nek.<\/p>\n<div class=\"fcbkbttn_buttons_block\" id=\"fcbkbttn_left\"><div class=\"fb-share-button fcbkbttn_large_button \" data-href=\"https:\/\/imrus.synology.me\/fraudsters\/uzenetkuldes\/\" data-type=\"box_count\" data-size=\"large\"><\/div><\/div>","protected":false},"author":1,"featured_media":0,"parent":0,"menu_order":0,"comment_status":"closed","ping_status":"closed","template":"","meta":{"_seopress_robots_primary_cat":"","_seopress_titles_title":"","_seopress_titles_desc":"","_seopress_robots_index":"","pgc_sgb_lightbox_settings":"","footnotes":""},"class_list":["post-475","page","type-page","status-publish","hentry"],"a3_pvc":{"activated":false,"total_views":7,"today_views":0},"_links":{"self":[{"href":"https:\/\/imrus.synology.me\/fraudsters\/wp-json\/wp\/v2\/pages\/475","targetHints":{"allow":["GET"]}}],"collection":[{"href":"https:\/\/imrus.synology.me\/fraudsters\/wp-json\/wp\/v2\/pages"}],"about":[{"href":"https:\/\/imrus.synology.me\/fraudsters\/wp-json\/wp\/v2\/types\/page"}],"author":[{"embeddable":true,"href":"https:\/\/imrus.synology.me\/fraudsters\/wp-json\/wp\/v2\/users\/1"}],"replies":[{"embeddable":true,"href":"https:\/\/imrus.synology.me\/fraudsters\/wp-json\/wp\/v2\/comments?post=475"}],"version-history":[{"count":2,"href":"https:\/\/imrus.synology.me\/fraudsters\/wp-json\/wp\/v2\/pages\/475\/revisions"}],"predecessor-version":[{"id":485,"href":"https:\/\/imrus.synology.me\/fraudsters\/wp-json\/wp\/v2\/pages\/475\/revisions\/485"}],"wp:attachment":[{"href":"https:\/\/imrus.synology.me\/fraudsters\/wp-json\/wp\/v2\/media?parent=475"}],"curies":[{"name":"wp","href":"https:\/\/api.w.org\/{rel}","templated":true}]}}